--------- beginning of main
10-08 09:00:09.383 17178 17178 E reguard.androi: Not starting debugger since process cannot load the jdwp agent.
10-08 09:00:09.432 17178 17178 I Perf : Connecting to perf service.
10-08 09:00:09.455 17178 17178 I WireGuard/Application: WireGuard/1.0.20200918 (Android 29; arm64-v8a; FP3; Fairphone FP3; Fairphone/FP3/FP3:10/8901.3.A.0045.20200905/09051550:user/release-keys)
10-08 09:00:10.990 17178 17202 I WireGuard/GoBackend: Bringing tunnel zwergdachs.de UP
10-08 09:00:11.032 17178 17202 D WireGuard/GoBackend: Requesting to start VpnService
10-08 09:00:11.071 17178 17178 W ActivityThread: handleWindowVisibility: no activity for token android.os.BinderProxy@da8cf1e --------- beginning of events
10-08 09:00:11.109 17178 17178 I am_on_create_called: [0,com.wireguard.android.activity.TunnelToggleActivity,performCreate]
10-08 09:00:11.120 17178 17178 I am_on_start_called: [0,com.wireguard.android.activity.TunnelToggleActivity,handleStartActivity]
10-08 09:00:11.131 17178 17178 I am_on_resume_called: [0,com.wireguard.android.activity.TunnelToggleActivity,RESUME_ACTIVITY]
10-08 09:00:11.139 17178 17178 I am_on_top_resumed_gained_called: [0,com.wireguard.android.activity.TunnelToggleActivity,topStateChangedWhenResumed]
10-08 09:00:11.140 17178 17199 I WireGuard/GoBackend: Bringing tunnel zwergdachs.de UP
10-08 09:00:11.140 17178 17199 D WireGuard/GoBackend: Requesting to start VpnService
10-08 09:00:11.149 17178 17218 I AdrenoGLES: QUALCOMM build : 994be9a, I75b52107df
10-08 09:00:11.149 17178 17218 I AdrenoGLES: Build Date : 05/28/20
10-08 09:00:11.149 17178 17218 I AdrenoGLES: OpenGL ES Shader Compiler Version: EV031.27.05.10
10-08 09:00:11.149 17178 17218 I AdrenoGLES: Local Branch :
10-08 09:00:11.149 17178 17218 I AdrenoGLES: Remote Branch :
10-08 09:00:11.149 17178 17218 I AdrenoGLES: Remote Branch :
10-08 09:00:11.149 17178 17218 I AdrenoGLES: Reconstruct Branch :
10-08 09:00:11.149 17178 17218 I AdrenoGLES: Build Config : S L 8.0.12 AArch64
10-08 09:00:11.152 17178 17218 I AdrenoGLES: PFP: 0x005ff112, ME: 0x005ff066
10-08 09:00:11.183 17178 17218 W Gralloc3: mapper 3.x is not supported
10-08 09:00:11.262 17178 17199 D WireGuard/GoBackend: Go backend v0.0.20200320
10-08 09:00:11.302 17178 17199 D WireGuard/GoBackend/zwergdachs.de: Debug log enabled
10-08 09:00:11.308 17178 17199 I WireGuard/GoBackend/zwergdachs.de: Attaching to interface tun0
10-08 09:00:11.348 17178 17207 D WireGuard/GoBackend/zwergdachs.de: Routine: event worker - started
10-08 09:00:11.348 17178 17207 D WireGuard/GoBackend/zwergdachs.de: Routine: decryption worker - started
10-08 09:00:11.348 17178 17207 D WireGuard/GoBackend/zwergdachs.de: Routine: handshake worker - started
10-08 09:00:11.348 17178 17207 D WireGuard/GoBackend/zwergdachs.de: Routine: encryption worker - started
10-08 09:00:11.348 17178 17207 D WireGuard/GoBackend/zwergdachs.de: Routine: decryption worker - started
10-08 09:00:11.349 17178 17231 D WireGuard/GoBackend/zwergdachs.de: Routine: decryption worker - started
10-08 09:00:11.349 17178 17231 D WireGuard/GoBackend/zwergdachs.de: Routine: handshake worker - started
10-08 09:00:11.349 17178 17231 D WireGuard/GoBackend/zwergdachs.de: Routine: TUN reader - started
10-08 09:00:11.349 17178 17231 D WireGuard/GoBackend/zwergdachs.de: Routine: encryption worker - started
10-08 09:00:11.349 17178 17231 D WireGuard/GoBackend/zwergdachs.de: Routine: handshake worker - started
10-08 09:00:11.349 17178 17231 D WireGuard/GoBackend/zwergdachs.de: Routine: encryption worker - started
10-08 09:00:11.349 17178 17231 D WireGuard/GoBackend/zwergdachs.de: Routine: encryption worker - started
10-08 09:00:11.349 17178 17231 D WireGuard/GoBackend/zwergdachs.de: Routine: decryption worker - started
10-08 09:00:11.349 17178 17231 D WireGuard/GoBackend/zwergdachs.de: Routine: handshake worker - started
10-08 09:00:11.350 17178 17199 D WireGuard/GoBackend/zwergdachs.de: UAPI: Updating private key
10-08 09:00:11.351 17178 17199 D WireGuard/GoBackend/zwergdachs.de: UAPI: Removing all peers
10-08 09:00:11.351 17178 17199 D WireGuard/GoBackend/zwergdachs.de: UAPI: Transition to peer configuration
10-08 09:00:11.351 17178 17199 D WireGuard/GoBackend/zwergdachs.de: peer(NyHY…UyQU) - UAPI: Created
10-08 09:00:11.352 17178 17199 D WireGuard/GoBackend/zwergdachs.de: peer(NyHY…UyQU) - UAPI: Adding allowedip
10-08 09:00:11.352 17178 17199 D WireGuard/GoBackend/zwergdachs.de: peer(NyHY…UyQU) - UAPI: Updating endpoint
10-08 09:00:11.352 17178 17199 D WireGuard/GoBackend/zwergdachs.de: peer(NyHY…UyQU) - UAPI: Updating persistent keepalive interval
10-08 09:00:11.368 17178 17178 I auditd : type=1400 audit(0.0:50674): avc: denied { read } for comm="DefaultDispatch" name="somaxconn" dev="proc" ino=3399839 scontext=u:r:untrusted_app:s0:c163,c256,c512,c768 tcontext=u:object_r:proc_net:s0 tclass=file permissive=0
10-08 09:00:11.368 17178 17178 W DefaultDispatch: type=1400 audit(0.0:50674): avc: denied { read } for name="somaxconn" dev="proc" ino=3399839 scontext=u:r:untrusted_app:s0:c163,c256,c512,c768 tcontext=u:object_r:proc_net:s0 tclass=file permissive=0
10-08 09:00:11.380 17178 17208 D WireGuard/GoBackend/zwergdachs.de: Routine: receive incoming IPv6 - started
10-08 09:00:11.380 17178 17207 D WireGuard/GoBackend/zwergdachs.de: Routine: receive incoming IPv4 - started
10-08 09:00:11.380 17178 17199 D WireGuard/GoBackend/zwergdachs.de: UDP bind has been updated
10-08 09:00:11.380 17178 17199 D WireGuard/GoBackend/zwergdachs.de: peer(NyHY…UyQU) - Starting...
10-08 09:00:11.381 17178 17231 D WireGuard/GoBackend/zwergdachs.de: peer(NyHY…UyQU) - Routine: nonce worker - started
10-08 09:00:11.381 17178 17231 D WireGuard/GoBackend/zwergdachs.de: peer(NyHY…UyQU) - Routine: sequential sender - started
10-08 09:00:11.381 17178 17231 D WireGuard/GoBackend/zwergdachs.de: peer(NyHY…UyQU) - Routine: sequential receiver - started
10-08 09:00:11.381 17178 17199 D WireGuard/GoBackend/zwergdachs.de: peer(NyHY…UyQU) - Sending keepalive packet
10-08 09:00:11.381 17178 17199 I WireGuard/GoBackend/zwergdachs.de: Device started
10-08 09:00:11.381 17178 17208 D WireGuard/GoBackend/zwergdachs.de: peer(NyHY…UyQU) - Sending handshake initiation
10-08 09:00:11.383 17178 17208 E WireGuard/GoBackend/zwergdachs.de: peer(NyHY…UyQU) - Failed to send handshake initiation write udp4 0.0.0.0:42889->5.253.0.242:41194: sendto: network is unreachable
10-08 09:00:11.383 17178 17208 D WireGuard/GoBackend/zwergdachs.de: peer(NyHY…UyQU) - Awaiting keypair
10-08 09:00:11.411 17178 17178 I am_on_top_resumed_lost_called: [0,com.wireguard.android.activity.TunnelToggleActivity,topStateChangedWhenResumed]
10-08 09:00:11.414 17178 17178 I am_on_paused_called: [0,com.wireguard.android.activity.TunnelToggleActivity,performPause]
10-08 09:00:11.431 17178 17178 I am_on_stop_called: [0,com.wireguard.android.activity.TunnelToggleActivity,LIFECYCLER_STOP_ACTIVITY]
10-08 09:00:11.432 17178 17178 I am_on_destroy_called: [0,com.wireguard.android.activity.TunnelToggleActivity,performDestroy]
10-08 09:00:16.652 17178 17233 D WireGuard/GoBackend/zwergdachs.de: peer(NyHY…UyQU) - Handshake did not complete after 5 seconds, retrying (try 2)
10-08 09:00:16.652 17178 17233 D WireGuard/GoBackend/zwergdachs.de: peer(NyHY…UyQU) - Sending handshake initiation
10-08 09:00:16.654 17178 17233 E WireGuard/GoBackend/zwergdachs.de: peer(NyHY…UyQU) - Failed to send handshake initiation write udp4 0.0.0.0:42889->5.253.0.242:41194: sendto: network is unreachable
10-08 09:00:21.816 17178 17233 D WireGuard/GoBackend/zwergdachs.de: peer(NyHY…UyQU) - Handshake did not complete after 5 seconds, retrying (try 2)
10-08 09:00:21.816 17178 17233 D WireGuard/GoBackend/zwergdachs.de: peer(NyHY…UyQU) - Sending handshake initiation
10-08 09:00:21.822 17178 17233 E WireGuard/GoBackend/zwergdachs.de: peer(NyHY…UyQU) - Failed to send handshake initiation write udp4 0.0.0.0:42889->5.253.0.242:41194: sendto: network is unreachable
10-08 09:00:27.103 17178 17208 D WireGuard/GoBackend/zwergdachs.de: peer(NyHY…UyQU) - Handshake did not complete after 5 seconds, retrying (try 2)
10-08 09:00:27.103 17178 17208 D WireGuard/GoBackend/zwergdachs.de: peer(NyHY…UyQU) - Sending handshake initiation
10-08 09:00:27.109 17178 17208 E WireGuard/GoBackend/zwergdachs.de: peer(NyHY…UyQU) - Failed to send handshake initiation write udp4 0.0.0.0:42889->5.253.0.242:41194: sendto: network is unreachable
10-08 09:00:32.243 17178 17233 D WireGuard/GoBackend/zwergdachs.de: peer(NyHY…UyQU) - Sending handshake initiation
10-08 09:00:32.245 17178 17233 E WireGuard/GoBackend/zwergdachs.de: peer(NyHY…UyQU) - Failed to send handshake initiation write udp4 0.0.0.0:42889->5.253.0.242:41194: sendto: network is unreachable
10-08 09:00:37.247 17178 17233 D WireGuard/GoBackend/zwergdachs.de: peer(NyHY…UyQU) - Sending handshake initiation
10-08 09:00:37.253 17178 17233 E WireGuard/GoBackend/zwergdachs.de: peer(NyHY…UyQU) - Failed to send handshake initiation write udp4 0.0.0.0:42889->5.253.0.242:41194: sendto: network is unreachable
10-08 09:00:42.252 17178 17233 D WireGuard/GoBackend/zwergdachs.de: peer(NyHY…UyQU) - Sending handshake initiation
10-08 09:00:42.258 17178 17233 E WireGuard/GoBackend/zwergdachs.de: peer(NyHY…UyQU) - Failed to send handshake initiation write udp4 0.0.0.0:42889->5.253.0.242:41194: sendto: network is unreachable
10-08 09:00:47.257 17178 17233 D WireGuard/GoBackend/zwergdachs.de: peer(NyHY…UyQU) - Sending handshake initiation
10-08 09:00:47.262 17178 17233 E WireGuard/GoBackend/zwergdachs.de: peer(NyHY…UyQU) - Failed to send handshake initiation write udp4 0.0.0.0:42889->5.253.0.242:41194: sendto: network is unreachable
10-08 09:00:52.262 17178 17233 D WireGuard/GoBackend/zwergdachs.de: peer(NyHY…UyQU) - Sending handshake initiation
10-08 09:00:52.269 17178 17233 E WireGuard/GoBackend/zwergdachs.de: peer(NyHY…UyQU) - Failed to send handshake initiation write udp4 0.0.0.0:42889->5.253.0.242:41194: sendto: network is unreachable
10-08 09:00:57.298 17178 17233 D WireGuard/GoBackend/zwergdachs.de: peer(NyHY…UyQU) - Sending handshake initiation
10-08 09:00:57.302 17178 17233 E WireGuard/GoBackend/zwergdachs.de: peer(NyHY…UyQU) - Failed to send handshake initiation write udp4 0.0.0.0:42889->5.253.0.242:41194: sendto: network is unreachable
10-08 09:01:02.337 17178 17233 D WireGuard/GoBackend/zwergdachs.de: peer(NyHY…UyQU) - Sending handshake initiation
10-08 09:01:02.343 17178 17233 E WireGuard/GoBackend/zwergdachs.de: peer(NyHY…UyQU) - Failed to send handshake initiation write udp4 0.0.0.0:42889->5.253.0.242:41194: sendto: network is unreachable
10-08 09:01:07.458 17178 17233 D WireGuard/GoBackend/zwergdachs.de: peer(NyHY…UyQU) - Sending handshake initiation
10-08 09:01:07.463 17178 17233 E WireGuard/GoBackend/zwergdachs.de: peer(NyHY…UyQU) - Failed to send handshake initiation write udp4 0.0.0.0:42889->5.253.0.242:41194: sendto: network is unreachable
10-08 09:01:12.578 17178 17233 D WireGuard/GoBackend/zwergdachs.de: peer(NyHY…UyQU) - Sending handshake initiation
10-08 09:01:12.581 17178 17233 E WireGuard/GoBackend/zwergdachs.de: peer(NyHY…UyQU) - Failed to send handshake initiation write udp4 0.0.0.0:42889->5.253.0.242:41194: sendto: network is unreachable
10-08 09:01:17.657 17178 17233 D WireGuard/GoBackend/zwergdachs.de: peer(NyHY…UyQU) - Handshake did not complete after 5 seconds, retrying (try 2)
10-08 09:01:17.658 17178 17233 D WireGuard/GoBackend/zwergdachs.de: peer(NyHY…UyQU) - Sending handshake initiation
10-08 09:01:17.661 17178 17233 E WireGuard/GoBackend/zwergdachs.de: peer(NyHY…UyQU) - Failed to send handshake initiation write udp4 0.0.0.0:42889->5.253.0.242:41194: sendto: network is unreachable
10-08 09:01:22.771 17178 17208 D WireGuard/GoBackend/zwergdachs.de: peer(NyHY…UyQU) - Handshake did not complete after 5 seconds, retrying (try 2)
10-08 09:01:22.771 17178 17208 D WireGuard/GoBackend/zwergdachs.de: peer(NyHY…UyQU) - Sending handshake initiation
10-08 09:01:22.776 17178 17208 E WireGuard/GoBackend/zwergdachs.de: peer(NyHY…UyQU) - Failed to send handshake initiation write udp4 0.0.0.0:42889->5.253.0.242:41194: sendto: network is unreachable
10-08 09:01:27.849 17178 17208 D WireGuard/GoBackend/zwergdachs.de: peer(NyHY…UyQU) - Handshake did not complete after 5 seconds, retrying (try 2)
10-08 09:01:27.849 17178 17208 D WireGuard/GoBackend/zwergdachs.de: peer(NyHY…UyQU) - Sending handshake initiation
10-08 09:01:27.855 17178 17208 E WireGuard/GoBackend/zwergdachs.de: peer(NyHY…UyQU) - Failed to send handshake initiation write udp4 0.0.0.0:42889->5.253.0.242:41194: sendto: network is unreachable
10-08 09:01:32.949 17178 17208 D WireGuard/GoBackend/zwergdachs.de: peer(NyHY…UyQU) - Handshake did not complete after 5 seconds, retrying (try 2)
10-08 09:01:32.949 17178 17208 D WireGuard/GoBackend/zwergdachs.de: peer(NyHY…UyQU) - Sending handshake initiation
10-08 09:01:32.951 17178 17208 E WireGuard/GoBackend/zwergdachs.de: peer(NyHY…UyQU) - Failed to send handshake initiation write udp4 0.0.0.0:42889->5.253.0.242:41194: sendto: network is unreachable
10-08 09:01:37.967 17178 17231 D WireGuard/GoBackend/zwergdachs.de: peer(NyHY…UyQU) - Handshake did not complete after 5 seconds, retrying (try 2)
10-08 09:01:37.967 17178 17231 D WireGuard/GoBackend/zwergdachs.de: peer(NyHY…UyQU) - Sending handshake initiation
10-08 09:01:37.973 17178 17231 E WireGuard/GoBackend/zwergdachs.de: peer(NyHY…UyQU) - Failed to send handshake initiation write udp4 0.0.0.0:42889->5.253.0.242:41194: sendto: network is unreachable
10-08 09:01:43.069 17178 17231 D WireGuard/GoBackend/zwergdachs.de: peer(NyHY…UyQU) - Handshake did not complete after 5 seconds, retrying (try 2)
10-08 09:01:43.069 17178 17231 D WireGuard/GoBackend/zwergdachs.de: peer(NyHY…UyQU) - Sending handshake initiation
10-08 09:01:43.074 17178 17231 E WireGuard/GoBackend/zwergdachs.de: peer(NyHY…UyQU) - Failed to send handshake initiation write udp4 0.0.0.0:42889->5.253.0.242:41194: sendto: network is unreachable
10-08 09:01:48.153 17178 17231 D WireGuard/GoBackend/zwergdachs.de: peer(NyHY…UyQU) - Handshake did not complete after 5 seconds, retrying (try 2)
10-08 09:01:48.153 17178 17231 D WireGuard/GoBackend/zwergdachs.de: peer(NyHY…UyQU) - Sending handshake initiation
10-08 09:01:48.155 17178 17231 E WireGuard/GoBackend/zwergdachs.de: peer(NyHY…UyQU) - Failed to send handshake initiation write udp4 0.0.0.0:42889->5.253.0.242:41194: sendto: network is unreachable
10-08 09:01:53.458 17178 17231 D WireGuard/GoBackend/zwergdachs.de: peer(NyHY…UyQU) - Handshake did not complete after 5 seconds, retrying (try 2)
10-08 09:01:53.458 17178 17231 D WireGuard/GoBackend/zwergdachs.de: peer(NyHY…UyQU) - Sending handshake initiation
10-08 09:01:53.467 17178 17231 E WireGuard/GoBackend/zwergdachs.de: peer(NyHY…UyQU) - Failed to send handshake initiation write udp4 0.0.0.0:42889->5.253.0.242:41194: sendto: network is unreachable
10-08 09:01:58.657 17178 17208 D WireGuard/GoBackend/zwergdachs.de: peer(NyHY…UyQU) - Sending handshake initiation
10-08 09:01:58.660 17178 17208 E WireGuard/GoBackend/zwergdachs.de: peer(NyHY…UyQU) - Failed to send handshake initiation write udp4 0.0.0.0:42889->5.253.0.242:41194: sendto: network is unreachable
10-08 09:02:03.957 17178 17231 D WireGuard/GoBackend/zwergdachs.de: peer(NyHY…UyQU) - Handshake did not complete after 5 seconds, retrying (try 2)
10-08 09:02:03.957 17178 17231 D WireGuard/GoBackend/zwergdachs.de: peer(NyHY…UyQU) - Sending handshake initiation
10-08 09:02:03.962 17178 17231 E WireGuard/GoBackend/zwergdachs.de: peer(NyHY…UyQU) - Failed to send handshake initiation write udp4 0.0.0.0:42889->5.253.0.242:41194: sendto: network is unreachable
10-08 09:02:09.027 17178 17208 D WireGuard/GoBackend/zwergdachs.de: peer(NyHY…UyQU) - Handshake did not complete after 5 seconds, retrying (try 2)
10-08 09:02:09.027 17178 17208 D WireGuard/GoBackend/zwergdachs.de: peer(NyHY…UyQU) - Sending handshake initiation
10-08 09:02:09.029 17178 17208 E WireGuard/GoBackend/zwergdachs.de: peer(NyHY…UyQU) - Failed to send handshake initiation write udp4 0.0.0.0:42889->5.253.0.242:41194: sendto: network is unreachable
10-08 09:02:14.310 17178 17231 D WireGuard/GoBackend/zwergdachs.de: peer(NyHY…UyQU) - Handshake did not complete after 5 seconds, retrying (try 2)
10-08 09:02:14.311 17178 17231 D WireGuard/GoBackend/zwergdachs.de: peer(NyHY…UyQU) - Sending handshake initiation
10-08 09:02:14.316 17178 17231 E WireGuard/GoBackend/zwergdachs.de: peer(NyHY…UyQU) - Failed to send handshake initiation write udp4 0.0.0.0:42889->5.253.0.242:41194: sendto: network is unreachable
10-08 09:02:18.526 17178 17178 W ActivityThread: handleWindowVisibility: no activity for token android.os.BinderProxy@22eb92e
10-08 09:02:18.614 17178 17178 I am_on_create_called: [0,com.wireguard.android.activity.MainActivity,performCreate]
10-08 09:02:18.630 17178 17178 I am_on_start_called: [0,com.wireguard.android.activity.MainActivity,handleStartActivity]
10-08 09:02:18.631 17178 17178 I am_on_resume_called: [0,com.wireguard.android.activity.MainActivity,RESUME_ACTIVITY]
10-08 09:02:18.636 17178 17178 I am_on_top_resumed_gained_called: [0,com.wireguard.android.activity.MainActivity,topStateChangedWhenResumed]
10-08 09:02:19.627 17178 17207 D WireGuard/GoBackend/zwergdachs.de: peer(NyHY…UyQU) - Handshake did not complete after 5 seconds, retrying (try 2)
10-08 09:02:19.627 17178 17207 D WireGuard/GoBackend/zwergdachs.de: peer(NyHY…UyQU) - Sending handshake initiation
10-08 09:02:19.629 17178 17207 E WireGuard/GoBackend/zwergdachs.de: peer(NyHY…UyQU) - Failed to send handshake initiation write udp4 0.0.0.0:42889->5.253.0.242:41194: sendto: network is unreachable
10-08 09:02:19.944 17178 17178 I menu_item_selected: [0,Einstellungen]
10-08 09:02:19.951 17178 17178 I am_on_top_resumed_lost_called: [0,com.wireguard.android.activity.MainActivity,topStateChangedWhenResumed]
10-08 09:02:19.952 17178 17178 I am_on_paused_called: [0,com.wireguard.android.activity.MainActivity,performPause]
10-08 09:02:19.958 17178 17178 W ActivityThread: handleWindowVisibility: no activity for token android.os.BinderProxy@a613a1e
10-08 09:02:19.976 17178 17178 I am_on_create_called: [0,com.wireguard.android.activity.SettingsActivity,performCreate]
10-08 09:02:20.005 17178 17178 I am_on_start_called: [0,com.wireguard.android.activity.SettingsActivity,handleStartActivity]
10-08 09:02:20.006 17178 17178 I am_on_resume_called: [0,com.wireguard.android.activity.SettingsActivity,RESUME_ACTIVITY]
10-08 09:02:20.010 17178 17178 I am_on_top_resumed_gained_called: [0,com.wireguard.android.activity.SettingsActivity,topStateChangedWhenResumed]
10-08 09:02:20.539 17178 17178 I am_on_stop_called: [0,com.wireguard.android.activity.MainActivity,STOP_ACTIVITY_ITEM]
10-08 09:02:24.830 17178 17233 D WireGuard/GoBackend/zwergdachs.de: peer(NyHY…UyQU) - Handshake did not complete after 5 seconds, retrying (try 2)
10-08 09:02:24.831 17178 17233 D WireGuard/GoBackend/zwergdachs.de: peer(NyHY…UyQU) - Sending handshake initiation
10-08 09:02:24.836 17178 17233 E WireGuard/GoBackend/zwergdachs.de: peer(NyHY…UyQU) - Failed to send handshake initiation write udp4 0.0.0.0:42889->5.253.0.242:41194: sendto: network is unreachable
10-08 09:02:29.937 17178 17231 D WireGuard/GoBackend/zwergdachs.de: peer(NyHY…UyQU) - Sending handshake initiation
10-08 09:02:29.943 17178 17231 E WireGuard/GoBackend/zwergdachs.de: peer(NyHY…UyQU) - Failed to send handshake initiation write udp4 0.0.0.0:42889->5.253.0.242:41194: sendto: network is unreachable
10-08 09:02:33.409 17178 17178 I am_on_top_resumed_lost_called: [0,com.wireguard.android.activity.SettingsActivity,topStateChangedWhenResumed]
10-08 09:02:33.412 17178 17178 I am_on_paused_called: [0,com.wireguard.android.activity.SettingsActivity,performPause]
10-08 09:02:33.419 17178 17178 W ActivityThread: handleWindowVisibility: no activity for token android.os.BinderProxy@909ee15
10-08 09:02:33.434 17178 17178 I am_on_create_called: [0,com.wireguard.android.activity.LogViewerActivity,performCreate]
10-08 09:02:33.436 17178 17178 I am_on_start_called: [0,com.wireguard.android.activity.LogViewerActivity,handleStartActivity]
10-08 09:02:33.437 17178 17178 I am_on_resume_called: [0,com.wireguard.android.activity.LogViewerActivity,RESUME_ACTIVITY]
10-08 09:02:33.443 17178 17178 I am_on_top_resumed_gained_called: [0,com.wireguard.android.activity.LogViewerActivity,topStateChangedWhenResumed]
10-08 09:02:33.900 17178 17178 I am_on_stop_called: [0,com.wireguard.android.activity.SettingsActivity,STOP_ACTIVITY_ITEM]
10-08 09:02:35.004 17178 17231 D WireGuard/GoBackend/zwergdachs.de: peer(NyHY…UyQU) - Handshake did not complete after 5 seconds, retrying (try 2)
10-08 09:02:35.004 17178 17231 D WireGuard/GoBackend/zwergdachs.de: peer(NyHY…UyQU) - Sending handshake initiation
10-08 09:02:35.011 17178 17231 E WireGuard/GoBackend/zwergdachs.de: peer(NyHY…UyQU) - Failed to send handshake initiation write udp4 0.0.0.0:42889->5.253.0.242:41194: sendto: network is unreachable
10-08 09:02:40.097 17178 17207 D WireGuard/GoBackend/zwergdachs.de: peer(NyHY…UyQU) - Sending handshake initiation
10-08 09:02:40.103 17178 17207 E WireGuard/GoBackend/zwergdachs.de: peer(NyHY…UyQU) - Failed to send handshake initiation write udp4 0.0.0.0:42889->5.253.0.242:41194: sendto: network is unreachable
10-08 09:02:45.373 17178 17207 D WireGuard/GoBackend/zwergdachs.de: peer(NyHY…UyQU) - Handshake did not complete after 5 seconds, retrying (try 2)
10-08 09:02:45.373 17178 17207 D WireGuard/GoBackend/zwergdachs.de: peer(NyHY…UyQU) - Sending handshake initiation
10-08 09:02:45.378 17178 17207 E WireGuard/GoBackend/zwergdachs.de: peer(NyHY…UyQU) - Failed to send handshake initiation write udp4 0.0.0.0:42889->5.253.0.242:41194: sendto: network is unreachable
10-08 09:02:48.984 17178 17178 I menu_item_selected: [0,Logdatei exportieren]